n*-2 + h/6 is divided by 14?
12
Suppose 12*i + 25225 + 1441 = 146*i. What is the remainder when 576 is divided by i?
178
Suppose 5*l - 2*x + 21 - 65 = 0, -5*l - 5*x + 65 = 0. Let o = l - -43. What is the remainder when 156 is divided by o?
50
Let m(u) = -113*u + 376. What is the remainder when m(3) is divided by 7?
2
Suppose 31 - 16 = 5*x. Suppose -8*w = -0*w + x*w. Suppose 2*d - 70 = n, 105 = 3*d + 5*n - w*n. What is the remainder when d is divided by 8?
3
Suppose -x = -3, 2*a - 18 - 53 = 3*x. Suppose 3*k + 5*j - 52 = -15, 4*j = -5*k + a. Let g = -12092 - -12105. Calculate the remainder when g is divided by k.
1
Let r(x) = 2843*x + 10*x**2 + 10 + 2*x**3 - 12*x**2 - 2851*x. Suppose 0*m = -5*m - 4*v + 40, 3*m - 32 = -4*v. What is the remainder when r(m) is divided by 19?
17
Suppose 2832 - 76 = 3*a - 2*l, -2732 = -3*a - 4*l. Suppose -4*i + 102 = h, 4*i - 122*h = -121*h + 114. Calculate the remainder when a is divided by i.
25
Suppose 25*b + 24308 + 24826 = 63*b. Calculate the remainder when b is divided by 258.
3
Suppose 2*p = 3*l - 255 + 8, -3*l = -5*p - 235. Let w(g) = g**3 + 11*g**2 + 2*g + 13. Calculate the remainder when l is divided by w(0).
7
Let f be (-34)/51*(-94 + (2 - 1)). Suppose 66*t - f*t - 92 = 0. Calculate the remainder when 344 is divided by t.
22
Let p(j) = 101*j - 26. Let v(m) = 50*m - 14. Let t(a) = -6*p(a) + 11*v(a). Let q be t(1). Let f = q - -138. Calculate the remainder when f is divided by 23.
15
Let i(t) = -t**3 - 38*t**2 - 193*t - 19. Calculate the remainder when 3263 is divided by i(-5).
117
Suppose -4*s - 24 - 16 = 0. Calculate the remainder when (4/s)/((-4)/20) + 104 is divided by ((-1)/3)/((-11)/594).
16
Suppose -2*x - 2*w = -12, -3*w - 5 = -x - 15. Let v(h) = 85*h - 22. Calculate the remainder when v(x) is divided by 77.
71
Suppose -12 = 3*d + 6, o = d + 1132. Calculate the remainder when o is divided by 374.
4
Let f(j) = 46*j - 4. What is the remainder when f(3) is divided by ((-14)/(-10) - (-12)/(-30))/((-265)/(-9275))?
29
Let i(s) = -82*s + 0*s**3 - 81*s - 2 + 3*s**2 + 169*s - 2*s**3. Calculate the remainder when 153 is divided by i(-2).
13
Let q(c) = c**2 + 5*c + 4. Let d be (-5)/2*9/((-27)/(-6)). Let x be q(d). Calculate the remainder when 9 is divided by (1 - -3)/(x + -2).
1
Let d(r) = 7*r**2 + r + 1. Let w be d(2). Let n = 43 - w. What is the remainder when 215 is divided by ((36 - 3) + 3)*9/n?
26
Suppose -6380 = -2*c - 8*c. Suppose 11*h + 341 + c = 0. Let s = h + 94. What is the remainder when 22 is divided by s?
2
Suppose -5*m = 75 + 185. Calculate the remainder when m/(-2) + -86 + 91 is divided by 14.
3
Let m = 10573 - 10472. Calculate the remainder when 557 is divided by m.
52
Suppose 9*n = 12*n. Suppose -151 = -4*u - 5*y, 3*y = -n*u + 2*u - 59. Suppose 6*w - 8*w = -u. Calculate the remainder when 46 is divided by w.
12
Let i = -1352 + 1550. What is the remainder when i is divided by 25?
23
Let s(f) = 2*f - 24. Let y be s(-13). Calculate the remainder when 1/((-148)/(-49) + -3) is divided by 256/10 + (-20)/y.
23
Let z(u) = 2*u**2 + 79*u + 786. What is the remainder when ((-28)/6)/((-4)/18) is divided by z(-20)?
3
Let t(k) = 359*k**2 - 36*k + 11. What is the remainder when t(-2) is divided by 1499?
20
Let m(r) = r - 35. Let h be m(-4). Calculate the remainder when (0 - 134)*(h/(-2))/(-13) is divided by 2/1*51/2.
48
Let o = -8536 + 12168. Calculate the remainder when o is divided by 21.
20
Suppose 189*y + 15476 = 335*y. What is the remainder when y is divided by 34?
4
Suppose 385 - 110 = 25*c. Let t(q) = q**3 + 15*q**2 + 6*q - 3. What is the remainder when t(-14) is divided by c?
10
Suppose 3*l - 1 = -4*o + 2*o, 2*o = -5*l - 1. Let g = 62 + -25. What is the remainder when (1 - o)*(1 - 5 - 67) is divided by g?
34
Let t(g) = -2*g**3 + 2*g**2 + 2*g - 5. Suppose 448 = -111*a + 125*a. Calculate the remainder when t(-3) is divided by a.
29
Suppose 264*d - 3335 = 259*d. Suppose -74*l = -45*l - d. Calculate the remainder when l is divided by 14.
9
Let r(c) = c**2 + 4*c + 8. Let w be r(-3). Suppose -5*s - 54 = -2*o + 136, w*o - s = 498. Calculate the remainder when o is divided by 28.
16
Suppose -4*v = 2*j - 14, -2*v - 4*j + 10 = -3*v. Suppose -4*p + 36 = v*m, -3*m + 4*p + 53 = -11. What is the remainder when m is divided by 15?
5
Let a(n) = n**3 - 134*n**2 - 794*n - 6396. Suppose -u - 2*u + 24 = 0. Calculate the remainder when a(140) is divided by u.
4
Let t(w) = w**2 + 9*w - 41. Let p be t(-11). Let q be 2/p + 56715/361. Let j = q - 80. Calculate the remainder when j is divided by 16.
13
Suppose q - 7 = -14. Let v(c) = c**2 - 23*c - 180. Calculate the remainder when 77 is divided by v(q).
17
Let g(s) = 19*s**2 - s. Let z be g(-1). Let u(k) = k**2 + 2*k + 32. Calculate the remainder when u(z) is divided by 79.
77
Suppose 16*z - 1464 = 4*z. Let a = -117 + z. Suppose -25 - 7 = -j. Calculate the remainder when j is divided by a.
2
Suppose 32*j + 3*o - 24069 = 29*j, 4*j = -2*o + 32084. What is the remainder when j is divided by 20?
19
Let v = -1601 - -1656. Calculate the remainder when 257 is divided by v.
37
Suppose -3*o - 565 = -2*v - 218, -3*v - 2*o + 527 = 0. Calculate the remainder when v is divided by 41.
11
Suppose -3*c = -15, -5*m - c + 17 = -m. Suppose u + 3*r = -0*u - 36, m*u + 87 = -2*r. Let g = -11 - u. What is the remainder when 47 is divided by g?
15
Suppose -10480 = -399*g + 14258. Let w(l) = l**2 + 6*l - 8. What is the remainder when g is divided by w(-10)?
30
Let j(i) be the first derivative of -i**4/4 + 3*i**3 - i**2/2 + 15*i + 10. Let c be j(9). Calculate the remainder when 12 is divided by (9/c)/(3/8).
0
Let n(l) be the third derivative of -l**5/60 + l**4/6 + 13*l**3/3 + 2*l**2 + 2*l. Calculate the remainder when n(6) is divided by 1 + (1*-2 - -6).
4
Suppose 2*t - 2*x + 166 = 0, 0 = -9*t + 6*t - x - 237. What is the remainder when (-4)/8*3*t/12 is divided by 7?
3
Let b(w) = 2*w**2 - 48*w + 141. Let f(o) = 4*o**2 - 98*o + 280. Let c(s) = 9*b(s) - 4*f(s). Calculate the remainder when (-7 + -2)/(1/(-9)) is divided by c(4).
18
Let t(i) = -3*i**3 + 13*i**2 - 3*i + 1. Let u be t(4). Suppose -4*a - 5*y = -28, a + 2*y = u*a - 56. What is the remainder when 131 is divided by a?
11
Let h(g) = 4*g**3 + 21*g**2 + 3*g + 7. What is the remainder when 1804 is divided by h(-4)?
4
Let k be (7 - (-6 + 12))*4. Suppose -46 = -4*s + 3*s. Suppose k*n + f = s, 2 + 8 = n + f. Calculate the remainder when 45 is divided by n.
9
Let v(k) = k**2 + 7*k - 3. Let q(d) = -d**3 - d**2 - 6*d + 15. Calculate the remainder when v(3) is divided by q(0).
12
Let t(x) = 24*x**3 + x**2 - x. Suppose -2*n + 5*n = -93. Let l = 32 + n. What is the remainder when t(l) is divided by 14?
10
Let a = -36 + 36. Suppose c + 3 - 22 = 5*n, a = 3*n + 15. Let r = c + 32. Calculate the remainder when r is divided by 10.
6
Let f(r) = -2*r**3 + 16*r**2 + r - 8. Let m be f(8). Suppose m = -67*q + 52*q + 195. Calculate the remainder when 101 is divided by q.
10
Suppose 151*y - 9603 = -1358 + 4741. What is the remainder when 8683 is divided by y?
83
Suppose i - 70 = -l - 3*i, -i = -3*l + 210. Suppose 8*r - l = r. Suppose 0 = -1245*b + 1257*b - 636. What is the remainder when b is divided by r?
3
Suppose -9*d + 61*d - 5928 = 0. What is the remainder when 909 is divided by d?
111
Suppose -5*i = -2*k - 5917, i + 10*k = 9*k + 1182. Calculate the remainder when i is divided by 231.
28
Suppose 14*x - 12*x = -4*m + 50, 4*x = 2*m + 50. Suppose -4*k + 7*k = 9. What is the remainder when x is divided by k?
0
Suppose 0 = 5*i + m - 73, 5*m = 3*i + m - 30. Calculate the remainder when 41 is divided by i.
13
Suppose w + 2*w = 888. Let x = w + -190. Suppose -h + 5*j = -53, -1538*j = -3*h - 1540*j + 40. What is the remainder when x is divided by h?
16
Let a = 36 - 24. Let t(o) = -o**3 + 13*o**2 - 13*o - 6. Let j be t(a). Let v = j - -64. What is the remainder when v is divided by 8?
6
Suppose 5*o - 3564 = -19*t + 11*t, -5*t + 4*o = -2199. Calculate the remainder when t is divided by 119.
86
Let l = -596 + 627. What is the remainder when 14663/124 - (-2)/(-8) is divided by l?
25
Suppose 307764 = 314*h - 65*h. Calculate the remainder when 3726 is divided by h.
18
Let l(q) = 5*q**3 - 7*q**2 - 4*q + 1. Calculate the remainder when 4362 is divided by l(2).
2
Let k(a) = a**3